e 40/(3 - -5)*(-1788)/(-15). Suppose 22*j + b = 23*j. What is the hundreds digit of j?
5
Let d be (-336)/(-40) + -3 - (-4)/(-10). Suppose d*w - 1606 = 1179. What is the units digit of w?
7
Suppose -2*n + 35446 = 4*i, -4*i - 22 = -14. What is the units digit of n?
7
Suppose 12 = -3*o + 144. Let u be (-1)/4 + 99/o. Suppose 3*r = -u*n + 361, 14 - 129 = -r + 2*n. What is the units digit of r?
9
Suppose 3*l - 2236 = 5*q, 0*q - q + 2*l = 443. Let k = q - -901. What is the tens digit of k?
5
Suppose 445 = -5*k - l, 4*k = 3*l - l - 356. Let j = -48 - k. Suppose 7*i = 8*i - j. What is the tens digit of i?
4
Let p = 4957 - 4654. What is the units digit of p?
3
Let m(v) = -68*v + 31. Let y be m(1). Suppose -5*u = -b - 370, 0 = -2*u + 4*b - 6 + 172. Let o = u - y. What is the hundreds digit of o?
1
Suppose 10*i - 69177 + 4747 = 0. Suppose 6*b - i = -2183. What is the hundreds digit of b?
7
Suppose r - 277 = -5*t, 0 = -5*t + 9*t - 4*r - 212. Suppose 0 = -5*a + t - 0. Let w = 13 + a. What is the tens digit of w?
2
Let s = -7210 - -28284. What is the tens digit of s?
7
Let t = -9 + 21. Suppose 4*z - t = 0, -3*k - 5*z + 99 = 30. What is the tens digit of k/(-9) + 33*1?
3
What is the units digit of (-36)/(-15)*19965/33?
2
Let u be (-90365)/33 + (21/9 - 3). Let z = u + 4165. What is the hundreds digit of z?
4
Let i = 36 + -82. Let d = i - -37. What is the hundreds digit of (-2 - 1)*12/d + 224?
2
Let w be 1962/5 + 48/(-120). Let q = 702 - w. What is the units digit of q?
0
Suppose 3*v - 7 = -m, -2*m + 7 = 5*v - 5. Suppose -1 - 29 = -v*a. Suppose -17*o + a*o + 122 = 0. What is the units digit of o?
1
Suppose -1218 = -21*m + 15*m. Let b = m - -177. What is the tens digit of b?
8
Suppose -u - 2*q = -15436, 5*u - q - 97549 = -20314. What is the units digit of u?
6
What is the tens digit of 21/(30/10*(0 - 3)/(-11829))?
0
Let z = -53 - -52. What is the units digit of ((-14)/(-8) - 2)*692/z?
3
Suppose -4*a - 2887 = -5*h, -3*a + 2*h + 2148 = -6*a. Let f = 1132 + a. What is the tens digit of f?
1
Let b = -2189 + 1186. Let g = b - -1688. What is the units digit of g?
5
Let q(n) = -9*n**3 + 3*n**2 - 4. Let i be q(2). Let d = 88 + i. What is the tens digit of d?
2
Let g = -89 + 131. Suppose i + 3*o - 19 = 21, 0 = -i - o + g. What is the units digit of i?
3
Suppose 2*n + 2*n = 36. Let y = 1213 + -1215. What is the tens digit of 5908/63 - y/n?
9
Suppose 0 = w - 4*p - 6101, 7*w - 11*w = -5*p - 24426. What is the units digit of w?
9
Let x(h) = -h**3 + 39*h**2 + 37*h + 650. What is the thousands digit of x(39)?
2
Suppose 0 = 19*u - 110944 - 254825. What is the tens digit of u?
5
Suppose 0 = -5*f + 4*v + 6924, -4*f + 6*f = -5*v + 2796. What is the tens digit of 18/(-30)*5 + f?
8
Let z(s) = -3*s + 2. Let o be z(4). Let i(g) = 4*g - 19*g - 19 + 11*g. What is the units digit of i(o)?
1
Let o(s) = s - 10. Let c be o(-10). What is the tens digit of -564*((-2)/(-16))/(5/c)?
8
Let w(o) be the second derivative of o**4/6 - 7*o**3/2 - 119*o**2/2 + 57*o + 2. What is the hundreds digit of w(-21)?
2
Let t(y) = -9*y + 3 - 5 + y**2 - 23 + 20*y. Let g be t(-13). What is the units digit of 4 - g*(-2 + -1)?
7
Let j(k) = 4*k**3 - 68*k**2 - 4*k + 76. What is the tens digit of j(18)?
0
Let m = -472 + 8036. What is the hundreds digit of m?
5
Let x(c) = 63*c**2. Let i be x(-2). Let w = 1556 - 1552. Suppose 50 = -2*r - w*j + i, 3*j + 216 = 2*r. What is the tens digit of r?
0
Suppose -3*a = 5*t - 89, 3*a - t = -0*t + 83. Suppose -5*r - a = 2*r. What is the tens digit of (-10)/r*704/55?
3
Let q = -78 - -98. Let y(t) = -424*t**3 + t**2. Let h be y(-1). Suppose 5*u - q = h. What is the tens digit of u?
8
Let n(o) = -985*o + 3578. What is the thousands digit of n(-6)?
9
Let g = 74 - 64. Suppose o - 14 = 3*n - 6*n, -o = 2*n - g. Suppose 0 = -2*i - o*l + 242, 3*l + 597 = 5*i - 0*l. What is the tens digit of i?
2
Let j be 1 + (-3 - 0) + -1 + 90. Let g = 278 + j. What is the units digit of g?
5
Let i(k) be the third derivative of 17*k**5/30 - 2*k**3/3 - 22*k**2. Let w be i(4). Suppose t + 5*t - w = 0. What is the tens digit of t?
9
Let l be ((-11)/1)/(5/(3 + -103)). Suppose 16*h - 15*h = l. What is the units digit of h?
0
Let x(l) = l**2 - 2*l - 15. Let d(s) = 2*s**2 - 5*s - 30. Let a(q) = -3*d(q) + 5*x(q). Let u be a(7). What is the units digit of (159 - 9)/(1 + u/(-4))?
0
Let c = 552 + -583. Let r = 1630 + c. What is the hundreds digit of r?
5
Let d = -270 + 274. Suppose -2*a = -d*s + 1676, -a + 2*a = -s + 416. What is the hundreds digit of s?
4
Let k(l) = -l + 76. Let g(y) = -y. Let v(z) = -z**2 + 11*z - 12. Let j(d) = -4*g(d) - v(d). Let a be j(4). What is the tens digit of k(a)?
7
Let b(d) = -140*d + 3. Let j be b(-6). Let c = 1925 - j. What is the tens digit of c?
8
Let b = 19 + 9. Let f be 2/(-6)*(10 - b). Suppose -76 = -f*g + 560. What is the units digit of g?
6
Suppose -8*n + 21 = -51. Let w(j) = 6*j**2 - j - 3. Let p(k) = -7*k**2 + k + 4. Let x(t) = 4*p(t) + 5*w(t). What is the units digit of x(n)?
4
Let o(x) = -x**2 - 16*x - 5. Let s be o(-15). Let c be 2/s - (-2)/(-10). Suppose c = -8*n + 7*n + 181. What is the units digit of n?
1
Let y(x) = -x**2 + 4*x + 16. Let j be y(6). Suppose 5*c = -u + 670, -j*c - 3*u + 6*u = -555. What is the hundreds digit of c?
1
Suppose 0 - 2 = 2*w - 3*j, -3*w = 4*j + 20. What is the units digit of (151 - w)/(-2 + 7/3)?
5
What is the tens digit of (3 - (1910525/(-45))/5) + (-58)/261?
9
Suppose -15 = -v + 2*j - 5*j, -4*v - 2*j + 20 = 0. Let a = -101 + 228. Suppose 0 = o - 6*o - 15, -v*o = 2*x - a. What is the units digit of x?
8
Let g be (-16)/(-2) + (-36)/9. Suppose -g*x - n = -2, 5*n + 6 - 16 = -x. Suppose -s + 106 - 3 = x. What is the tens digit of s?
0
Let j be (-4)/(-14) + 0 + (-1482)/91. Let b(c) = 2*c**2 - 6*c + 4. What is the hundreds digit of b(j)?
6
Let s(o) = 33*o**2 - 139*o + 4256. What is the thousands digit of s(23)?
8
Let l = 567 + -576. What is the units digit of (3/l*1309)/(2/(-6))?
9
Suppose 0 = -16*o + 18*o + 5*a + 65, 5*o + 155 = -5*a. What is the tens digit of (2/4*o)/(1/(-60))?
0
Suppose -6*q + 181062 = -219*j + 214*j, 0 = -2*q - 3*j + 60326. What is the thousands digit of q?
0
Suppose -22*t + 20453 = -179505. What is the tens digit of t?
8
Let q = 2003 - 3728. What is the units digit of ((-48)/5)/(23/q)?
0
Let k(y) = -y**3 + 15*y**2 + 13*y + 5. Let t be k(15). Let o = -355 - t. Let z = o - -792. What is the units digit of z?
7
Suppose 3*y = 6, -19*n + y = -17*n - 18790. What is the tens digit of n?
9
Suppose 15 - 26 = u. Let y(o) = 6*o**2 - o - 1. Let r(l) = -l**3 - 30*l**2 + 4*l + 6. Let c(t) = u*y(t) - 2*r(t). What is the tens digit of c(4)?
4
Let y(f) = 41*f + 19. Let z be y(6). Suppose 14*d - 19*d + z = 0. What is the tens digit of d?
5
Suppose 91252 = 2*w + 5*d, -171*d + 45626 = w - 168*d. What is the units digit of w?
6
Let j(f) = 312*f**3 - f**2 + f. Let v be j(1). Let i be (5/10)/((-2)/(-2084)). Let r = i - v. What is the hundreds digit of r?
2
Let u(i) = 154*i - 59. Suppose 3*z + 5*d - 37 = 0, z + z - 33 = -5*d. What is the units digit of u(z)?
7
Let u(c) = -c**3 - c**2 + 10*c - 29. Suppose 20*o + 35 = 15*o. What is the hundreds digit of u(o)?
1
Suppose -7 - 32 = 3*z. What is the units digit of 327*(-2)/9*(-19 - z)?
6
Let o(g) = 4*g**2 + 13*g + 81. Let b(w) = -4*w**2 - 14*w - 83. Let r(v) = 5*b(v) + 6*o(v). What is the tens digit of r(-16)?
6
Let m(g) = 7*g + 4. Let w(f) = -12 + 31*f + 12 + 2*f**2 - 12. Let v be w(-16). What is the units digit of m(v)?
2
Let c(b) = 2*b**2 - 13*b - 4. Let g = 28 + -29. Let h be g/5 + (-305)/(-25) + -3. What is the tens digit of c(h)?
4
Let v = 392 + -377. Suppose -l = -v*l + 10388. What is the hundreds digit of l?
7
Let l = -11 + 11. Let i be (l + 1)*(4 + (3 - 3)). What is the tens digit of 1 - i - (-207)/9?
2
Suppose 0 = 191*f - 31919 - 269274 - 315928. What is the thousands digit of f?
3
Let b be ((-8216)/16)/((-3)/6). What is the thousands digit of b + 5/15*-9?
1
Let a(q) = -2466*q**3 + 2*q**2 + 52*q + 93. What is the ten thousands digit of a(-2)?
1
Suppose -h = 4*h + 15. Let g be (0/2 - h) + (605 - 3). Suppose -7*i + g = -2*i. What is the units digit of i?
1
Suppose -2*c = 4*y - 43 + 17, -2*y = 2*c - 10. Suppose 4267 = 5*i + 2*n, -5*n + y*n + 1703 = 2*i. What is the units digit of i?
3
Suppose -4*m -